8873?
7
What is the units digit of 764487860?
0
What is the millions digit of 424927212?
4
What is the units digit of 116679047?
7
What is the tens digit of 1078961076?
7
What is the ten millions digit of 2418327690?
1
What is the millions digit of 1320616397?
0
What is the ten millions digit of 587542794?
8
What is the hundred millions digit of 530704068?
5
What is the ten millions digit of 891711109?
9
What is the ten thousands digit of 976290122?
9
What is the hundreds digit of 946946201?
2
What is the thousands digit of 6916650?
6
What is the thousands digit of 27543261?
3
What is the units digit of 55133281?
1
What is the ten thousands digit of 191830805?
3
What is the units digit of 28380520?
0
What is the hundred millions digit of 893490888?
8
What is the ten thousands digit of 28906751?
0
What is the ten millions digit of 1516993856?
1
What is the ten millions digit of 697310202?
9
What is the ten thousands digit of 59940159?
4
What is the millions digit of 69877399?
9
What is the hundreds digit of 62195138?
1
What is the millions digit of 63567812?
3
What is the units digit of 444698125?
5
What is the millions digit of 6679513209?
9
What is the hundreds digit of 65013951?
9
What is the units digit of 40825381?
1
What is the thousands digit of 301306130?
6
What is the billions digit of 2374232273?
2
What is the ten thousands digit of 27049858?
4
What is the hundred thousands digit of 8337200?
3
What is the hundred millions digit of 3095278670?
0
What is the hundreds digit of 1240877192?
1
What is the units digit of 234015098?
8
What is the units digit of 31918451?
1
What is the millions digit of 3575036?
3
What is the tens digit of 283068543?
4
What is the hundred millions digit of 2294334773?
2
What is the hundreds digit of 926826461?
4
What is the thousands digit of 98807717?
7
What is the millions digit of 52436220?
2
What is the hundred millions digit of 1288103309?
2
What is the hundreds digit of 1784524?
5
What is the units digit of 313602221?
1
What is the hundred thousands digit of 16518451?
5
What is the ten thousands digit of 493468072?
6
What is the millions digit of 100757729?
0
What is the millions digit of 4700761595?
0
What is the hundred thousands digit of 176158564?
1
What is the ten thousands digit of 26545730?
4
What is the ten thousands digit of 53572303?
7
What is the ten millions digit of 84068516?
8
What is the units digit of 80968798?
8
What is the hundred millions digit of 146797311?
1
What is the ten thousands digit of 103391986?
9
What is the thousands digit of 1743977371?
7
What is the hundreds digit of 78577736?
7
What is the ten millions digit of 365394316?
6
What is the hundred millions digit of 129888381?
1
What is the millions digit of 8585195?
8
What is the hundred thousands digit of 11915803?
9
What is the tens digit of 3978333750?
5
What is the tens digit of 117726423?
2
What is the ten millions digit of 4057794161?
5
What is the hundreds digit of 3372628694?
6
What is the millions digit of 61158166?
1
What is the tens digit of 35739881?
8
What is the tens digit of 46599679?
7
What is the thousands digit of 556480146?
0
What is the tens digit of 1372050272?
7
What is the hundred thousands digit of 160340122?
3
What is the billions digit of 2009647475?
2
What is the ten thousands digit of 54807934?
0
What is the hundred thousands digit of 102640491?
6
What is the units digit of 241173344?
4
What is the hundreds digit of 122810335?
3
What is the ten millions digit of 383859140?
8
What is the hundred millions digit of 2478134613?
4
What is the ten thousands digit of 1243075734?
7
What is the tens digit of 29324201?
0
What is the hundreds digit of 45891490?
4
What is the hundreds digit of 397313172?
1
What is the millions digit of 576929849?
6
What is the hundred thousands digit of 48965491?
9
What is the units digit of 2173690?
0
What is the units digit of 23402839?
9
What is the units digit of 27858394?
4
What is the ten thousands digit of 1667744208?
4
What is the millions digit of 4578430?
4
What is the units digit of 71709915?
5
What is the units digit of 241984992?
2
What is the hundreds digit of 1468794372?
3
What is the units digit of 55752004?
4
What is the ten millions digit of 1628075850?
2
What is the ten millions digit of 40027338?
4
What is the hundreds digit of 472546781?
7
What is the hundred millions digit of 7528204580?
5
What is the ten thousands digit of 129899290?
9
What is the ten millions digit of 574947683?
7
What is the thousands digit of 4514202644?
2
What is the units digit of 102510029?
9
What is the millions digit of 83498299?
3
What is the millions digit of 121887892?
1
What is the hundreds digit of 26593772?
7
What is the millions digit of 8055889699?
5
What is the hundred thousands digit of 1510960871?
9
What is the millions digit of 353972478?
3
What is the tens digit of 764694920?
2
What is the hundred thousands digit of 300977827?
9
What is the units digit of 3013761999?
9
What is the ten millions digit of 75717666?
7
What is the ten thousands digit of 119213034?
1
What is the tens digit of 146611899?
9
What is the thousands digit of 195589908?
9
What is the thousands digit of 349871064?
1
What is the hundred millions digit of 2133115646?
1
What is the thousands digit of 1267412369?
2
What is the units digit of 7402398967?
7
What is the hundreds digit of 168763910?
9
What is the ten millions digit of 7309550785?
0
What is the hundred thousands digit of 48867368?
8
What is the hundreds digit of 2524385889?
8
What is the hundred thousands digit of 42730191?
7
What is the thousands digit of 2884646?
4
What is the units digit of 335909435?
5
What is the units digit of 202231633?
3
What is the ten thousands digit of 1267671956?
7
What is the ten millions digit of 126578401?
2
What is the billions digit of 6280574765?
6
What is the ten millions digit of 3494121482?
9
What is the hundred millions digit of 292473054?
2
What is the hundreds digit of 960466641?
6
What is the ten millions digit of 2910676117?
1
What is the thousands digit of 274652180?
2
What is the hundred thousands digit of 618202212?
2
What is the millions digit of 376343314?
6
What is the millions digit of 44842938?
4
What is the units digit of 450319505?
5
What is the millions digit of 616852229?
6
What is the millions digit of 105466574?
5
What is the hundred thousands digit of 1687509796?
5
What is the units digit of 2322919562?
2
What is the millions digit of 26821997?
6
What is the units digit of 17851477?
7
What is the millions digit of 64891350?
4
What is the hundred thousands digit of 20619569?
6
What is the millions digit of 385452177?
5
What is the thousands digit of 10743985?
3
What is the hundreds digit of 99657964?
9
What is the units digit of 28406680?
0
What is the thousands digit of 147191393?
1
What is the tens digit of 421028887?
8
What is the hundreds digit of 940402327?
3
What is the tens digit of 89052429?
2
What is the ten millions digit of 138761583?
3
What is the units digit of 1942483556?
6
What is the tens digit of 139399154?
5
What is the thousands digit of 19543254?
3
What is the units digit of 77786587?
7
What is the hundreds digit of 109260085?
0
What is the hundred thousands digit of 20122675?
1
What is the ten thousands digit of 30576790?
7
What is the units digit of 79247718?
8
What is the units digit of 2331524965?
5
What is the ten thousands digit of 1268406648?
0
What is the millions digit of 283450910?
3
What is the millions digit of 328053661?
8
What is the ten thousands digit of 24606648?
0
What is the millions digit of 771260007?
1
What is the hundred thousands digit of 26501384?
5
What is the thousands digit of 231869975?
9
What is the units digit of 189578768?
8
What is the hundred thousands digit of 2424149115?
1
What is the hundreds digit of 93415168?
1
What is the ten thousands digit of 79368859?
6
What is the hundred millions digit of 897461191?
8
What is the hundreds digit of 1789070975?
9
What is the tens digit of 534512411?
1
What is the hundred millions digit of 4652412828?
6
What is the units digit of 198988241?
1
What is the tens digit of 1168899542?
4
What is the ten millions digit of 78197671?
7
What is the ten thousands digit of 10152442?
5
What is th